mmon divisor of 25 and 2225?
25
What is the highest common factor of 51 and 697?
17
What is the highest common factor of 185 and 1036?
37
Calculate the greatest common divisor of 7 and 287.
7
What is the highest common divisor of 27 and 7641?
27
Calculate the highest common factor of 10 and 2960.
10
What is the greatest common factor of 152 and 722?
38
What is the highest common divisor of 6682 and 208?
26
Calculate the greatest common factor of 23 and 23552.
23
Calculate the greatest common divisor of 3252 and 168.
12
Calculate the greatest common divisor of 87957 and 337.
337
Calculate the greatest common divisor of 126 and 266.
14
Calculate the greatest common divisor of 65 and 13.
13
Calculate the highest common divisor of 368 and 176.
16
Calculate the highest common factor of 522 and 3828.
174
What is the greatest common factor of 4683 and 4906?
223
Calculate the highest common factor of 66 and 110.
22
What is the highest common factor of 910 and 1680?
70
Calculate the highest common divisor of 176 and 4664.
88
Calculate the greatest common factor of 61 and 122.
61
Calculate the highest common divisor of 61 and 61.
61
Calculate the greatest common divisor of 21286 and 174.
58
What is the greatest common factor of 85 and 170?
85
What is the highest common divisor of 3633 and 147?
21
Calculate the greatest common factor of 2354 and 638.
22
Calculate the greatest common factor of 2 and 7.
1
Calculate the highest common factor of 26 and 8.
2
Calculate the greatest common divisor of 1519 and 341.
31
Calculate the highest common divisor of 10 and 18355.
5
What is the highest common factor of 1 and 29?
1
What is the highest common divisor of 59 and 12272?
59
What is the greatest common divisor of 6 and 112?
2
What is the greatest common divisor of 65 and 1105?
65
What is the highest common factor of 100 and 1640?
20
Calculate the greatest common divisor of 78 and 11583.
39
Calculate the greatest common divisor of 8 and 21496.
8
What is the greatest common divisor of 13 and 559?
13
Calculate the highest common divisor of 18 and 7026.
6
Calculate the highest common divisor of 11540 and 20.
20
What is the highest common divisor of 456 and 21204?
228
What is the greatest common factor of 22341 and 66?
33
Calculate the highest common divisor of 39 and 1807.
13
Calculate the greatest common factor of 403 and 65.
13
Calculate the greatest common divisor of 27 and 18.
9
What is the highest common divisor of 23 and 157711?
23
Calculate the highest common divisor of 748 and 272.
68
What is the greatest common factor of 339 and 9?
3
What is the highest common divisor of 4223 and 41?
41
What is the highest common factor of 378 and 54?
54
Calculate the highest common factor of 171 and 114.
57
What is the highest common factor of 2175 and 75?
75
What is the greatest common divisor of 1465 and 5?
5
What is the greatest common factor of 96 and 48?
48
Calculate the greatest common factor of 2904 and 528.
264
What is the highest common factor of 130 and 286?
26
What is the highest common factor of 803 and 3650?
73
Calculate the greatest common divisor of 480 and 1416.
24
What is the greatest common factor of 232 and 20?
4
Calculate the highest common factor of 168 and 1106.
14
Calculate the greatest common divisor of 14 and 2688.
14
Calculate the greatest common divisor of 531 and 767.
59
What is the highest common factor of 110 and 23980?
110
What is the highest common divisor of 56487 and 57?
57
Calculate the greatest common factor of 1547 and 416.
13
Calculate the greatest common factor of 2649 and 3.
3
What is the highest common factor of 90 and 170?
10
What is the highest common factor of 76 and 1064?
76
What is the greatest common divisor of 345 and 15?
15
Calculate the greatest common divisor of 30 and 30.
30
Calculate the greatest common factor of 116 and 2726.
58
Calculate the greatest common factor of 518 and 14.
14
What is the highest common factor of 260 and 650?
130
Calculate the greatest common divisor of 140 and 1015.
35
What is the highest common divisor of 1362 and 6?
6
What is the greatest common factor of 300 and 120?
60
What is the greatest common divisor of 8092 and 17?
17
What is the highest common factor of 20 and 4190?
10
Calculate the greatest common factor of 980 and 56.
28
Calculate the greatest common factor of 120376 and 328.
328
What is the highest common divisor of 3296 and 1?
1
What is the highest common factor of 48 and 696?
24
Calculate the greatest common factor of 1134 and 270.
54
Calculate the highest common factor of 2 and 422.
2
What is the highest common factor of 6264 and 864?
216
Calculate the highest common factor of 90 and 22266.
18
Calculate the greatest common divisor of 28 and 15764.
28
What is the greatest common factor of 1798 and 62?
62
Calculate the highest common divisor of 441 and 153.
9
What is the greatest common factor of 4 and 8?
4
What is the highest common factor of 1 and 43?
1
Calculate the highest common divisor of 288 and 504.
72
Calculate the greatest common factor of 459 and 34.
17
What is the greatest common divisor of 2197 and 26?
13
Calculate the highest common factor of 67 and 16281.
67
Calculate the greatest common factor of 60 and 804.
12
What is the greatest common divisor of 504 and 1288?
56
What is the highest common divisor of 13440 and 256?
128
Calculate the greatest common divisor of 1100 and 88.
44
What is the highest common factor of 73 and 1314?
73
What is the highest common factor of 5516 and 28?
28
Calculate the greatest common factor of 390 and 6370.
130
What is the greatest common divisor of 999 and 27?
27
Calculate the highest common factor of 962 and 1066.
26
What is the highest common divisor of 7 and 91?
7
What is the greatest common factor of 1058 and 322?
46
What is the greatest common divisor of 168 and 96?
24
What is the greatest common divisor of 72 and 36?
36
What is the greatest common divisor of 147 and 343?
49
What is the greatest common divisor of 2860 and 60?
20
Calculate the greatest common divisor of 279 and 62.
31
What is the greatest common factor of 858 and 198?
66
What is the highest common divisor of 4160 and 130?
130
Calculate the highest common divisor of 1690 and 10.
10
What is the greatest common factor of 1568 and 1008?
112
What is the highest common divisor of 224 and 2114?
14
What is the greatest common divisor of 2996 and 56?
28
What is the greatest common factor of 64 and 19168?
32
Calculate the highest common divisor of 780 and 60.
60
What is the highest common divisor of 5 and 65?
5
What is the highest common divisor of 8 and 200?
8
Calculate the greatest common factor of 6 and 2206.
2
What is the highest common divisor of 42 and 462?
42
Calculate the highest common divisor of 36 and 288.
36
What is the greatest common divisor of 50 and 160?
10
Calculate the highest common factor of 220 and 385.
55
What is the highest common divisor of 2 and 5?
1
What is the greatest common divisor of 136 and 119?
17
Calculate the greatest common divisor of 8 and 4176.
8
What is the highest common divisor of 42 and 3178?
14
Calculate the greatest common divisor of 63 and 28.
7
What is the highest common factor of 985 and 788?
197
Calculate the greatest common factor of 1542 and 9.
3
What is the greatest common divisor of 314 and 9577?
157
What is the greatest common divisor of 99 and 279?
9
What is the highest common divisor of 738 and 30?
6
What is the greatest common factor of 10 and 9?
1
What is the greatest common divisor of 64 and 80?
16
Calculate the highest common divisor of 4404 and 12.
12
Calculate the greatest common factor of 356 and 24386.
178
Calculate the greatest common divisor of 2667 and 42.
21
Calculate the greatest common divisor of 66 and 726.
66
What is the highest common divisor of 15 and 60?
15
What is the highest common divisor of 144 and 324?
36
Calculate the highest common divisor of 5005 and 231.
77
What is the highest common divisor of 47 and 3901?
47
Calculate the highest common factor of 7450 and 2384.
298
What is the greatest common factor of 1060 and 20?
20
Calculate the greatest common divisor of 742 and 28.
14
Calculate the highest common factor of 132 and 5709.
33
What is the highest common divisor of 110 and 4990?
10
Calculat